+ 12. Let i be d(9). Let o = i + -11. Let k = 22 - 7. What is the greatest common divisor of k and o?
5
Suppose -4*s = 5*r - 72, 12*s + 6 = 14*s - 5*r. Calculate the greatest common divisor of s and 247.
13
Let j(w) = 2*w**2 + 9*w + 8. Let v be j(-6). Suppose -v = -11*u + 13*u. Let r = u + 61. Calculate the highest common divisor of r and 32.
16
Let i be ((-140)/(-7))/(-1 - (-21)/18). Let q(s) = -s**2 + 6*s + 9. Let d be q(7). Suppose -2*y - d*y + i = 0. What is the greatest common factor of y and 45?
15
Suppose 3*b - i = 40, -5*b + 0*i + 74 = 2*i. Calculate the greatest common divisor of b and 42.
14
Suppose 0 = 3*p - 4*p + 77. What is the highest common factor of 49 and p?
7
Suppose 3*a + 137 = 3*v - 40, -2*a - 181 = -3*v. Let w = 123 - v. Calculate the greatest common divisor of 15 and w.
15
Let n be 6/(-3) + (6 + -30)/(-6). Calculate the greatest common factor of n and 106.
2
Suppose -5*z + z = -820. Suppose 6 + 35 = h. Calculate the highest common factor of h and z.
41
Suppose -2*n - 195 + 307 = 0. Let l be 63/(-6)*(-8)/(-6). Let u = 22 + l. What is the highest common divisor of u and n?
8
Let r(g) = -2*g**2 - 17*g + 12. Let v be r(-9). Let x be (-102)/v*(0/(-3) + -1). Calculate the greatest common factor of x and 85.
17
Suppose 27 = j + 2*k, 7*j - 2*j = -4*k + 105. Let g(w) = -15*w + 8. Let f be g(-4). Calculate the greatest common factor of j and f.
17
Suppose 0 = -19*p + 249 + 188. What is the greatest common divisor of p and 575?
23
Let i be 1*(2 + 1) - 10/(-5). Suppose 6 + 64 = i*c. Calculate the highest common divisor of 35 and c.
7
Let p(l) = 4*l**2 - 4*l - 3. Let j be p(4). Suppose -37 = a - j. What is the highest common factor of a and 104?
8
Let d(s) = s**2 - s - 1. Let v be d(0). Suppose 2 + 10 = 2*p. Let u be (v/(-3))/(p/288). What is the greatest common factor of u and 32?
16
Let m(h) = -h**2 - 9*h + 4. Let a be m(-9). Suppose -5*z = -3*u + 4*u - 40, -5*u + 4*z + 84 = 0. What is the greatest common divisor of a and u?
4
Let r = -1991 + 2335. Calculate the highest common divisor of r and 86.
86
Let y be ((-10)/2)/((-16)/1936). What is the greatest common factor of y and 220?
55
Let m = -119 + 175. Let z be -6*(1 + 0) - 2. Let b = -1 - z. What is the greatest common divisor of m and b?
7
Let u be 21*(4 + 24/(-7)). Calculate the greatest common factor of 192 and u.
12
Suppose -21*i = -13*i - 1512. Calculate the greatest common divisor of i and 63.
63
Let y(l) = l**3 + 5*l**2 - l + 37. Let f be y(-6). What is the greatest common factor of 56 and f?
7
Let n be ((-3536)/130)/((-2)/5). Suppose 3*l = 4*p - 73, -4*p - 2*l = -6*l - n. What is the highest common factor of p and 154?
22
Suppose 3*c - 118 = -t, 4*c = -c + 5*t + 170. What is the highest common factor of 38 and c?
38
Suppose 0 = -5*t + 15, 2*h - 6*t - 47 = -7*t. What is the highest common divisor of 891 and h?
11
Suppose 0 = 4*r - 78 - 38. Suppose -r*a + 45 = -28*a. What is the greatest common divisor of 18 and a?
9
Let c(g) = 89*g**3 - g**2 + 3*g - 1. Let a be c(1). Calculate the highest common factor of a and 225.
45
Let o(p) = p**2 + 5*p + 2. Let h be o(-5). Suppose 4*z = h*z + 148. Let x = z + -45. What is the highest common divisor of x and 58?
29
Let v(g) = -9*g - 10. Let k be v(-7). Let b(u) = 10*u - 3. Let x be b(-3). Let i = k + x. Calculate the greatest common factor of i and 220.
20
Let f be (-5*(4 - -1))/(-1). Suppose f = 2*q + 3*q, -4*s + 38 = 2*q. Let p = -229 + 285. Calculate the highest common divisor of p and s.
7
Let q(z) = z**3 + 7*z**2 - 19*z + 7. Let w be q(-9). Suppose s - w*s + 1050 = 0. Calculate the greatest common factor of s and 14.
14
Let h(i) = i**3 - 2*i + 182. Let l(s) = 2*s - 20. Let g be l(10). Let f be h(g). Calculate the highest common factor of f and 26.
26
Let i = -325 - -560. What is the highest common factor of i and 188?
47
Let h(x) = -x**3 + 17*x**2 + 36. Let p be h(17). Let l = -20 + p. What is the greatest common divisor of 12 and l?
4
Let b = -117 - -118. Let o be b/(2/(-20)*1/(-3)). What is the greatest common factor of o and 120?
30
Let i = -26 - -16. Let r = i + 22. Calculate the highest common factor of 18 and r.
6
Let c(p) = -4 - 2 - 8*p + 5 - 5. Let j be c(-6). Let m be ((-4)/(-6))/((-2)/(-18)). Calculate the greatest common factor of j and m.
6
Suppose 0 = 3*v - 4*c - 100, 16*v - 20*v + 132 = -4*c. What is the highest common factor of 824 and v?
8
Let w(t) = -21*t - 182. Let j be w(-12). Calculate the greatest common divisor of j and 910.
70
Suppose 242 = 4*m - 2*m. Suppose 2*n - 9 = -1. Suppose t + 2 = k + 18, 2*k = -n*t + 34. Calculate the highest common factor of m and t.
11
Let n be (1/(3/4))/((-110)/(-495)). Calculate the greatest common divisor of 384 and n.
6
Let f = 771 + -708. Calculate the highest common factor of 2961 and f.
63
Let h = -17 - -22. Suppose -h*a - 85 = -10*a. Let m = 152 + 35. What is the highest common divisor of m and a?
17
Let i be 4*5/8*4. What is the highest common divisor of i and 50?
10
Suppose -1 + 45 = 2*l - 4*h, 0 = -2*l + h + 29. Suppose -8*v + 3*v = -480. What is the highest common divisor of v and l?
12
Let g be (72/18)/(3 - (-148)/(-52)). Calculate the greatest common factor of 338 and g.
26
Let a(h) = -h**2 + 38*h + 208. Let f be a(38). What is the greatest common factor of f and 65?
13
Let g = 19 + 41. Calculate the highest common divisor of g and 24.
12
Let k = 294 + 191. Let u = k - 320. What is the highest common divisor of u and 33?
33
Let h = 48 - 19. Let u(n) = -n**3 - 3*n - 7. Let p be u(-3). Calculate the greatest common factor of h and p.
29
Suppose h - y = 142 + 162, -h = y - 312. Let l be 30 - ((-160)/(-70) + 4/(-14)). What is the highest common divisor of h and l?
28
Suppose 0 = 5*q - l - 350, 3*q - 141 - 71 = l. Calculate the greatest common divisor of 9 and q.
3
Suppose 2*v + 2*v - 4*h - 32 = 0, -4*v - 2*h + 8 = 0. Let a be (v/(-5))/(2/(-10)). Calculate the highest common divisor of 28 and a.
4
Let w be 7/14 + (-54)/4. Let l = w - -168. What is the highest common factor of 62 and l?
31
Let j be (-1)/(-1) + (-6 - -3). Suppose 4*q - 26 = 3*q + 5*y, 2*y + 5 = -5*q. Let b be (j/5)/(q/(-50)). Calculate the highest common divisor of b and 80.
20
Let j(x) be the first derivative of -71*x**4/4 + x**3/3 + x**2/2 + x - 13. Let z be j(-1). Let c = -1 + 9. What is the highest common factor of c and z?
8
Suppose -5*q = -3*s - 1192 + 78, -3*q + 680 = 4*s. What is the greatest common factor of 952 and q?
56
Let g(v) = v**3 - 2*v**2 - v + 2. Let l be g(5). Suppose 2*d + 97 = 3*o, -2*d = 4*o - 3*o - 35. Let h = 42 - o. What is the greatest common factor of h and l?
9
Suppose 0 = 17*q - 26 - 8. Calculate the highest common divisor of 98 and q.
2
Let f(w) = -35*w - 17. Let y be f(-3). Calculate the highest common factor of 396 and y.
44
Let f(c) = 6*c - 1. Let v be f(3). Let l = v - 5. Suppose -28 = 3*y - t - 79, y - 5*t - 3 = 0. What is the greatest common divisor of y and l?
6
Let l(d) = 3*d + 2. Let r be l(8). Suppose -r*g = -31*g. Suppose -4*j - 4*t - t + 165 = g, -2*j + 3*t + 77 = 0. Calculate the greatest common factor of j and 5.
5
Let r(m) = -m**3 + 7*m**2 + 3*m - 19. Let n be r(7). Calculate the greatest common divisor of 71 and n.
1
Suppose -p - 4 - 18 = -2*k, p - 8 = -4*k. Let b(x) = x**2 + 12*x + 2. Let m be b(p). Calculate the greatest common factor of m and 14.
2
Suppose 9*s = 2407 + 4604. What is the greatest common factor of 41 and s?
41
Suppose -72 + 26 = 2*h. Let p = h - -64. Suppose 8*w - 3*w + 27 = 4*t, -p = -2*t - 3*w. What is the greatest common divisor of 143 and t?
13
Let l(j) = 11*j - 2. Suppose 3*a + 0 - 6 = -m, -4*a + 8 = -m. Let q be l(a). Let t be 38 + -6 + -4 - 8. Calculate the greatest common divisor of t and q.
20
Let w be ((-35)/(-14))/((-1)/(-70)). Calculate the highest common factor of w and 50.
25
Let n(l) = 4*l + 2*l - 8*l**2 + l**3 + 65 - 42. Let w = -21 + 28. Let v be n(w). Calculate the greatest common divisor of 48 and v.
16
Let a be (-382)/(-4) + (-1)/(-2). Let c = -14976 + 14988. Calculate the greatest common divisor of c and a.
12
Let y be (-5)/(-5)*(-4 - -2 - 13). Let w be 3*1*10/y - -16. What is the highest common factor of 49 and w?
7
Let q be -1*2*25/10. Let u(n) = -n**2 - 7*n - 6. Let s be u(q). Suppose -i + 3*i - s = 0. What is the gr